{"id":1391,"date":"2021-06-21T19:27:36","date_gmt":"2021-06-21T17:27:36","guid":{"rendered":"http:\/\/royalefactory.eu\/index.php\/product\/tout-ce-que-vous-avez-toujours-voulu-savoir-sur-votre-cerveau\/"},"modified":"2021-11-08T11:13:55","modified_gmt":"2021-11-08T10:13:55","slug":"tout-ce-que-vous-avez-toujours-voulu-savoir-sur-votre-cerveau","status":"publish","type":"product","link":"https:\/\/royalefactory.eu\/?product=tout-ce-que-vous-avez-toujours-voulu-savoir-sur-votre-cerveau","title":{"rendered":"TOUT CE QUE VOUS AVEZ TOUJOURS VOULU SAVOIR SUR VOTRE CERVEAU"},"content":{"rendered":"<p style=\"margin-left: 40px;\"><strong><span style=\"color: #ee82ee;\">Vendredi 21 mai \u00e0 20h30<\/span><\/strong><\/p>\n<p style=\"margin-left: 40px;\">Pourquoi notre cerveau ne nous a pas \u00e9t\u00e9 fourni avec un manuel d\u2019utilisation ?<\/p>\n<p style=\"margin-left: 40px;\">Et si l&rsquo;on pouvait d\u00e9velopper au maximum son potentiel r\u00e9el ? Dans un ambiance d\u00e9tendue et intimiste, participez \u00e0 des exp\u00e9riences \u00e9tonnantes dans une <strong>Conf\u00e9rence-Spectacle interactive<\/strong>, qui m\u00eale apprentissage et d\u00e9couvertes en vous d\u00e9voilant de fa\u00e7on ludique les pouvoirs extraordinaires de nos outils perceptifs et cognitifs&#8230; et en vous faisant ainsi parcourir un voyage incroyable \u00e0 l&rsquo;int\u00e9rieur de votre esprit.<\/p>\n<p style=\"margin-left: 40px;\">Andrea va jouer avec vos certitudes pour mieux manipuler vos perceptions, vous \u00e9tonner, vous faire douter, vous surprendre, vous troubler, vous faire r\u00e9fl\u00e9chir et en m\u00eame temps vous faire sourire. Avec son approche originale, il va vous faire d\u00e9couvrir, comment utiliser votre cerveau comme une v\u00e9ritable baguette magique et vous transformer en vrai magicien de la vie<\/p>\n<p style=\"margin-left: 40px;\">Pr\u00e9parez-vous : ceux qui viendront avec des certitudes, repartiront assur\u00e9ment avec des doutes&#8230; et inversement ! \u00ab\u00a0Ils ne savaient pas que c&rsquo;\u00e9tait impossible, alors ils l&rsquo;ont fait.\u00a0\u00bb<\/p>\n<p style=\"margin-left: 40px;\"><strong>Dur\u00e9e:<\/strong> 1h15<\/p>\n<p style=\"margin-left: 40px;\"><strong>Tarifs:<\/strong> 22\u00a0euros Tarif normal , 18\u00a0euros\u00a0Tarif r\u00e9duit (demandeur emploi, retrait\u00e9 + 65 ans, \u00e9tudiant &#8211; 25 ans, abonn\u00e9)<\/p>\n","protected":false},"excerpt":{"rendered":"<p><strong>Vendredi 21 mai \u00e0 20h30<\/strong><\/p>\n","protected":false},"featured_media":1392,"template":"","meta":[],"product_brand":[],"product_cat":[31],"product_tag":[145,63,33,34],"class_list":{"0":"post-1391","1":"product","2":"type-product","3":"status-publish","4":"has-post-thumbnail","6":"product_cat-humour","7":"product_tag-cerveau","8":"product_tag-humour","9":"product_tag-royale-factory","10":"product_tag-versailles","12":"first","13":"instock","14":"sold-individually","15":"product-type-external"},"brizy_media":[],"_links":{"self":[{"href":"https:\/\/royalefactory.eu\/index.php?rest_route=\/wp\/v2\/product\/1391","targetHints":{"allow":["GET"]}}],"collection":[{"href":"https:\/\/royalefactory.eu\/index.php?rest_route=\/wp\/v2\/product"}],"about":[{"href":"https:\/\/royalefactory.eu\/index.php?rest_route=\/wp\/v2\/types\/product"}],"wp:featuredmedia":[{"embeddable":true,"href":"https:\/\/royalefactory.eu\/index.php?rest_route=\/wp\/v2\/media\/1392"}],"wp:attachment":[{"href":"https:\/\/royalefactory.eu\/index.php?rest_route=%2Fwp%2Fv2%2Fmedia&parent=1391"}],"wp:term":[{"taxonomy":"product_brand","embeddable":true,"href":"https:\/\/royalefactory.eu\/index.php?rest_route=%2Fwp%2Fv2%2Fproduct_brand&post=1391"},{"taxonomy":"product_cat","embeddable":true,"href":"https:\/\/royalefactory.eu\/index.php?rest_route=%2Fwp%2Fv2%2Fproduct_cat&post=1391"},{"taxonomy":"product_tag","embeddable":true,"href":"https:\/\/royalefactory.eu\/index.php?rest_route=%2Fwp%2Fv2%2Fproduct_tag&post=1391"}],"curies":[{"name":"wp","href":"https:\/\/api.w.org\/{rel}","templated":true}]}}