{"id":4139,"date":"2026-02-23T15:45:17","date_gmt":"2026-02-23T14:45:17","guid":{"rendered":"https:\/\/royalefactory.eu\/?post_type=product&#038;p=4139"},"modified":"2026-02-23T15:54:02","modified_gmt":"2026-02-23T14:54:02","slug":"pierre-antoine-damecour","status":"publish","type":"product","link":"https:\/\/royalefactory.eu\/?product=pierre-antoine-damecour","title":{"rendered":"PIERRE-ANTOINE DAMECOUR"},"content":{"rendered":"<p><strong>PIERRE-ANTOINE DECOUR S&rsquo;ECHAUFFE<\/strong><\/p>\n<p><strong>One man show<\/strong><\/p>\n<p><span style=\"color: #ff00ff\"><strong>Vendredi 11 et Samedi 12 Septembre \u00e0 20h30<\/strong><\/span><\/p>\n<p>\u00c0 la base sa m\u00e8re voulait l\u2019appeler Pierre et son p\u00e8re Antoine\u2026 \u00c0 la base il voulait \u00eatre champion olympique de ski de bosse et puis les crois\u00e9s tu connais\u2026 \u00c0 la base il pensait qu\u2019\u00eatre papa c\u2019\u00e9tait facile\u2026 Et \u00e0 la base il voulait faire son one man show \u00e0 20 ans mais comme il a eu la trouille il ne le fait qu\u2019\u00e0 40.<\/p>\n<p>Bon, l\u2019avantage c\u2019est qu\u2019il a plus de choses \u00e0 raconter.<\/p>\n<p>&nbsp;<\/p>\n<p><strong>Tarifs:<\/strong> 23 euros tarif normal, 19 euros tarif r\u00e9duit (demandeur emploi, \u00e9tudiant)<\/p>\n<p><span style=\"color: red\">Votre achat est d\u00e9finitif, aucun remboursement ou report ne sera possible.<\/span><\/p>\n<p><strong>Dur\u00e9e:<\/strong> 1h15<\/p>\n","protected":false},"excerpt":{"rendered":"<p><strong>Vendredi 11 et Samedi 12 Septembre \u00e0 20h30<\/strong><\/p>\n","protected":false},"featured_media":4140,"template":"","meta":[],"product_brand":[],"product_cat":[31],"product_tag":[],"class_list":{"0":"post-4139","1":"product","2":"type-product","3":"status-publish","4":"has-post-thumbnail","6":"product_cat-humour","8":"first","9":"instock","10":"shipping-taxable","11":"product-type-external"},"brizy_media":[],"_links":{"self":[{"href":"https:\/\/royalefactory.eu\/index.php?rest_route=\/wp\/v2\/product\/4139","targetHints":{"allow":["GET"]}}],"collection":[{"href":"https:\/\/royalefactory.eu\/index.php?rest_route=\/wp\/v2\/product"}],"about":[{"href":"https:\/\/royalefactory.eu\/index.php?rest_route=\/wp\/v2\/types\/product"}],"wp:featuredmedia":[{"embeddable":true,"href":"https:\/\/royalefactory.eu\/index.php?rest_route=\/wp\/v2\/media\/4140"}],"wp:attachment":[{"href":"https:\/\/royalefactory.eu\/index.php?rest_route=%2Fwp%2Fv2%2Fmedia&parent=4139"}],"wp:term":[{"taxonomy":"product_brand","embeddable":true,"href":"https:\/\/royalefactory.eu\/index.php?rest_route=%2Fwp%2Fv2%2Fproduct_brand&post=4139"},{"taxonomy":"product_cat","embeddable":true,"href":"https:\/\/royalefactory.eu\/index.php?rest_route=%2Fwp%2Fv2%2Fproduct_cat&post=4139"},{"taxonomy":"product_tag","embeddable":true,"href":"https:\/\/royalefactory.eu\/index.php?rest_route=%2Fwp%2Fv2%2Fproduct_tag&post=4139"}],"curies":[{"name":"wp","href":"https:\/\/api.w.org\/{rel}","templated":true}]}}