{"id":4156,"date":"2026-03-11T15:51:14","date_gmt":"2026-03-11T14:51:14","guid":{"rendered":"https:\/\/royalefactory.eu\/?post_type=product&#038;p=4156"},"modified":"2026-03-11T15:54:59","modified_gmt":"2026-03-11T14:54:59","slug":"surprise-partie","status":"publish","type":"product","link":"https:\/\/royalefactory.eu\/?product=surprise-partie","title":{"rendered":"SURPRISE: PARTIE!"},"content":{"rendered":"<p><strong>SURPRISE: PARTIE!\u00a0<\/strong><\/p>\n<p><strong>Com\u00e9die <\/strong><strong>de S\u00e9bastien Bonnet et R\u00e9gis Van Houtte<\/strong><\/p>\n<p><span style=\"color: #ff00ff\"><strong>Vendredi 23 et Samedi 24 Octobre \u00e0 20h30<\/strong><\/span><\/p>\n<p>On choisit ses amis (si on en a), mais on ne choisit pas sa famille !<\/p>\n<p>Tout oppose Franck et Laurent, pourtant ils sont fr\u00e8res.<\/p>\n<p>Laurent est un winner, tout lui r\u00e9ussit.<br \/>\nFranck est un looser, et pour couronner le tout, sa femme lui a fait une surprise : elle est partie! Pour oublier sa solitude et sa tristesse, il tente de chercher du r\u00e9confort aupr\u00e8s de son seul ami Facebook : son fr\u00e8re.<\/p>\n<p>En organisant une Surprise-Party exceptionnelle pour son anniversaire, afin de lui changer les id\u00e9es, Laurent va lui faire rencontrer Camille, une jeune femme impr\u00e9visible&#8230;<\/p>\n<p>Et comme dans toutes les bonnes com\u00e9dies, rien ne va se passer comme pr\u00e9vu.<\/p>\n<p>&nbsp;<\/p>\n<p><strong>Tarifs:<\/strong> 23 euros tarif normal, 19 euros tarif r\u00e9duit (demandeur emploi, \u00e9tudiant)<\/p>\n<p><span style=\"color: red\">Votre achat est d\u00e9finitif, aucun remboursement ou report ne sera possible.<\/span><\/p>\n<p><strong>Dur\u00e9e:<\/strong> 1h15<\/p>\n","protected":false},"excerpt":{"rendered":"<p><strong>Vendredi 23 et Samedi 24 Octobre \u00e0 20h30<\/strong><\/p>\n","protected":false},"featured_media":4157,"template":"","meta":[],"product_brand":[],"product_cat":[35],"product_tag":[],"class_list":{"0":"post-4156","1":"product","2":"type-product","3":"status-publish","4":"has-post-thumbnail","6":"product_cat-comedie","8":"first","9":"instock","10":"shipping-taxable","11":"product-type-external"},"brizy_media":[],"_links":{"self":[{"href":"https:\/\/royalefactory.eu\/index.php?rest_route=\/wp\/v2\/product\/4156","targetHints":{"allow":["GET"]}}],"collection":[{"href":"https:\/\/royalefactory.eu\/index.php?rest_route=\/wp\/v2\/product"}],"about":[{"href":"https:\/\/royalefactory.eu\/index.php?rest_route=\/wp\/v2\/types\/product"}],"wp:featuredmedia":[{"embeddable":true,"href":"https:\/\/royalefactory.eu\/index.php?rest_route=\/wp\/v2\/media\/4157"}],"wp:attachment":[{"href":"https:\/\/royalefactory.eu\/index.php?rest_route=%2Fwp%2Fv2%2Fmedia&parent=4156"}],"wp:term":[{"taxonomy":"product_brand","embeddable":true,"href":"https:\/\/royalefactory.eu\/index.php?rest_route=%2Fwp%2Fv2%2Fproduct_brand&post=4156"},{"taxonomy":"product_cat","embeddable":true,"href":"https:\/\/royalefactory.eu\/index.php?rest_route=%2Fwp%2Fv2%2Fproduct_cat&post=4156"},{"taxonomy":"product_tag","embeddable":true,"href":"https:\/\/royalefactory.eu\/index.php?rest_route=%2Fwp%2Fv2%2Fproduct_tag&post=4156"}],"curies":[{"name":"wp","href":"https:\/\/api.w.org\/{rel}","templated":true}]}}